v - 19 = 3*n. Calculate the greatest common factor of y and v.
11
Let d = -14 - -19. Calculate the highest common divisor of 35 and d.
5
Suppose 0 = -3*q + 60 + 21. Calculate the greatest common divisor of q and 27.
27
Let f be 4/(15/(-9) + 3). What is the greatest common factor of f and 27?
3
Let o = 10 - 5. Suppose -t + 31 = -o*f, -f - 43 = -5*t - 8. Let w(x) = x**3 - x. Let m be w(2). Calculate the highest common factor of t and m.
6
Let z(a) = a + 1. Let c(y) = 13*y + 7. Let h(u) = -c(u) + 6*z(u). Let l be h(-2). Let n = -64 + 129. What is the greatest common divisor of n and l?
13
Suppose -4*f + 1650 = f. Suppose 0 = 5*y - 30 - f. Let x be (-4)/10 + 126/15. What is the greatest common divisor of y and x?
8
Let u(i) = 3*i**2 + 8*i - 19. Let v be u(2). Suppose 5*w - 6 = 9. What is the greatest common divisor of w and v?
3
Suppose -12 = -4*z + z. Suppose -z*o + 5*h - 26 = 0, 5*o = -4*h - 19 + 7. Let s be 98/8 + 1/o. Calculate the highest common divisor of 24 and s.
12
Suppose 3*t - 180 = -0*t. Let d = 42 - 30. Calculate the greatest common divisor of t and d.
12
Suppose 0 = 5*d - 5*m - 85, 3*d + 4*m = 4*d - 20. Let j(f) = f + 12. Let i be j(-6). Suppose -i*l = -3*l - 6. What is the highest common factor of d and l?
2
Suppose p - 3*p - w = -20, 2*w = 8. Calculate the highest common factor of 8 and p.
8
Let u be 10/4*128/20. Let m(z) = -80*z**3 + z**2 + 2*z + 1. Let g be m(-1). Calculate the greatest common factor of g and u.
16
Let z(g) = -g + 2. Let s(r) = -r - 11. Let f be s(0). Let c = -11 - f. Let m be z(c). Calculate the highest common divisor of m and 10.
2
Suppose l = -2*l - 24. Let o = -10 - l. Let h = 23 - o. Calculate the highest common divisor of 5 and h.
5
Suppose 5*i - 2*i = 21. Let y = i + -6. What is the highest common divisor of y and 8?
1
Let l be ((-9)/(-6))/(1/24). Suppose 7*x - x = 24. Calculate the highest common factor of x and l.
4
Let q be (-24)/5*(-5 + 0). Suppose -4*l - 32 = -6*l. Calculate the highest common divisor of q and l.
8
Let s = 0 - 0. Suppose s = 5*h - 4*r - 19, -h = h + 4*r - 2. Suppose 5*x - h*k = -4*k + 270, -108 = -2*x - 2*k. What is the greatest common divisor of x and 9?
9
Let u be (3/6)/(1/26). Calculate the highest common divisor of u and 143.
13
Suppose 5*u - 3*u - 20 = 0. Calculate the highest common divisor of 10 and u.
10
Suppose -5*u - 5*q + 43 = -2*q, 3*q - 3 = 0. Suppose -3*h + u*h = -3*x - 17, 4*x - 3*h = 16. What is the highest common factor of 1 and x?
1
Suppose -3*g - 8 = -5*j + 9, -4*g + 4 = 0. What is the greatest common divisor of j and 44?
4
Let v(a) = a + 5. Let m be v(8). Calculate the greatest common factor of 91 and m.
13
Suppose -5*d = 0, d - 3*d + 816 = 4*p. Suppose p = w + 64. What is the greatest common divisor of 20 and w?
20
Let g(u) = -8*u - 1. Let j be g(-2). Suppose 2*q - j = -q. Suppose q*w - 2*w = 90. What is the highest common divisor of w and 6?
6
Suppose -70 = -3*f - 4. Let n = f - 10. Suppose -2*l = 3*s - 142, -s - 4*l = 2*s - 140. Calculate the highest common factor of s and n.
12
Suppose -2*f + 14 = -10. Let v be 28/(-6) - (-8)/f. Let x be (-30)/20 - 18/v. Calculate the highest common factor of 6 and x.
3
Let k(q) = 5*q + 11. Let s be k(9). Let b(r) = -r**2 - 9*r - 6. Let g be b(-7). What is the greatest common divisor of g and s?
8
Suppose -3*l = -5*k - 22, -k = -3*k + 2. Let m be 2/l + (-302)/(-18). Let h = m - -31. Calculate the greatest common divisor of h and 6.
6
Suppose -20 + 0 = -4*g. Suppose 0 = 3*b - 7 + 100. Let l = g - b. What is the greatest common divisor of 18 and l?
18
Let g = 3 + 21. Let t = 1 + 2. Suppose -3*f = 2*j + t*j - 6, -4*j + 9 = f. What is the highest common divisor of g and j?
3
Let o = 29 + -18. Let g = -3 + 6. Suppose -g*a + 33 = -0*a. Calculate the greatest common factor of o and a.
11
Let s = 9 + 21. What is the highest common divisor of s and 12?
6
Let s be (58/(-4) + -2)*2. Let u = -22 - s. Suppose w = -3*w + 176. What is the greatest common factor of w and u?
11
Suppose -4*t + 6 = 2. Let n be 2 - (3 - 6)/3. Suppose 19 = n*w - 2*a, -5 = 3*w - a - 22. Calculate the greatest common divisor of t and w.
1
Let q = -51 + 61. Calculate the greatest common divisor of q and 30.
10
Let r be 6/(-15) - (-514)/10. Let v(t) = t**2 + 2*t - 7. Let n be v(-6). Calculate the greatest common divisor of n and r.
17
Let z = 39 + -20. Let d be (-1038)/(-18) - 2/3. Calculate the highest common factor of d and z.
19
Suppose 0 = -5*z + 31 + 34. Let g = 117 + -55. Let w be (2 + -1)*(g + 3). Calculate the highest common divisor of w and z.
13
Let o = 72 + -65. What is the greatest common factor of o and 77?
7
Let i(y) = -y**2 + 9*y - 2. Let b be i(9). Let j be 1/3 + (-7)/3. Let t be 11 + (b/j - 0). What is the greatest common factor of t and 108?
12
Let y = -8 - -13. Let m be y + 2/(-3)*3. Let s(l) = 2*l + 32. Let k be s(-15). Calculate the highest common factor of k and m.
1
Suppose -2*b - b = -12. Calculate the greatest common factor of b and 36.
4
Let y(a) = a**2 - 3*a + 4. Let g = -2 + -1. Let q be y(g). What is the greatest common divisor of 22 and q?
22
Let c(m) = m**3 + 14*m**2 - 16*m - 11. Let d be c(-15). Calculate the highest common factor of 8 and d.
4
Suppose 4*s + 2*z - 4 = 0, -3*s = 4*z - 0*z + 2. Let k be 63 + 2 + s + -4. Calculate the greatest common divisor of 7 and k.
7
Suppose -3*q = -2*q - 24. Suppose 155 = 6*y - 43. Let a = y + 27. What is the highest common factor of q and a?
12
Suppose -2*i + 46 = -2*w, 2*i + 5*w = 19 - 8. Suppose -4*q = 6*m - m, 0 = -2*m - 2*q. Suppose m*p + 3*p = 108. What is the greatest common divisor of p and i?
18
Let w be 9*((-2 - -21) + 2). Suppose -4*v = 2*c - 22, 5*c - 10 = -5*v + 70. What is the highest common divisor of c and w?
21
Let h = 153 - 90. What is the highest common divisor of h and 315?
63
Suppose -c - 3*c + 5*s = -255, -345 = -5*c + s. Suppose 14 = -3*d + 35. What is the greatest common divisor of d and c?
7
Let w(h) = -h**3 + 10. Let g be w(0). What is the greatest common divisor of 15 and g?
5
Let a = -29 + 49. Suppose -130 = -3*c - 2*l, -2*l + 7*l + 15 = c. What is the greatest common factor of c and a?
20
Suppose 3*q + 43 = 3*w + q, 2*w = -q + 38. Let d = 30 - 20. Suppose 8*z - 3*z + d = 0, -i - 5*z = -58. What is the greatest common factor of i and w?
17
Let r(o) = o + 20. Let j be r(-14). Let i = 4 - 2. Let a(k) = k**2 + k. Let d be a(i). What is the greatest common factor of j and d?
6
Let f be (-3)/(((-6)/4)/1). Suppose 0 = 5*z + 3 - 18. Suppose 3*x = -r + f*r + 22, 5*x = z*r + 30. Calculate the greatest common factor of x and 9.
9
Suppose -n + 251 = -m, -5*m + 9*m = -2*n + 502. Let f(h) = 15*h - 11. Let p be f(-7). Let j = n + p. Calculate the highest common divisor of j and 15.
15
Let y(v) = 12*v**3 + 2*v - 1. Suppose 0 = 4*h - 1 - 3. Let n be y(h). Let l = -422 - -435. Calculate the highest common divisor of l and n.
13
Let z be (1 - (0 + 4))*4/(-6). Suppose 0 = -s + 8 + 10. Calculate the greatest common factor of z and s.
2
Let f = 10 - 5. Suppose 15 = f*g - 545. What is the highest common factor of 14 and g?
14
Let f(x) = x**2 + 2*x - 14. Let c be f(-7). Let l(d) = -d**3 - d**2 - 2*d - 1. Let v be l(-2). What is the highest common factor of c and v?
7
Let w(b) = b**3 + 9*b**2 - 14*b + 9. Let z be w(-10). Let n = z + -35. What is the greatest common divisor of 35 and n?
7
Let s = -600 + 856. Calculate the highest common factor of 32 and s.
32
Suppose -2*r = 2*r + 400. Let f = -66 - r. Suppose -f - 19 = -5*l - n, 16 = l + 2*n. Calculate the greatest common factor of 1 and l.
1
Suppose 4*o - 53 = -o + 3*x, 5*x = 2*o - 25. Let k = -7 + o. What is the greatest common factor of 9 and k?
3
Suppose 3 = -4*v - 2*k - 5, 2*v - 2*k + 4 = 0. Let y be (9/(-18))/(1/v). Calculate the greatest common divisor of y and 8.
1
Suppose -2*x + 13 = 6*d - 3*d, -21 = 4*d - 5*x. Suppose 4*y - 3 = d. Calculate the highest common divisor of y and 11.
1
Let y = 17 + 8. Calculate the highest common divisor of y and 100.
25
Let f(b) = 3*b - 22. Let a be f(20). What is the highest common factor of a and 19?
19
Let k(g) = -g**3 + 8*g**2 - g. Let j be k(7). Suppose 3*f - j = -0*f. Suppose -3*n = -0*n - 21. Calculate the greatest common divisor of f and n.
7
Let h be (1*-29)/((-3)/24). Calculate the highest com